.
68
What is the greatest common divisor of 45 and 20415?
15
Calculate the greatest common divisor of 27710 and 850.
170
Calculate the greatest common divisor of 3999 and 1023.
93
Calculate the highest common divisor of 379861 and 101.
101
What is the greatest common divisor of 12 and 60789?
3
What is the highest common factor of 236844 and 216?
108
Calculate the highest common factor of 6336 and 11792.
176
What is the highest common divisor of 16 and 11218?
2
Calculate the greatest common factor of 117558 and 622.
622
What is the highest common divisor of 445408 and 9429?
449
Calculate the highest common factor of 296 and 1036.
148
What is the greatest common divisor of 23895 and 2430?
405
What is the greatest common divisor of 315 and 24088680?
315
What is the highest common factor of 297240 and 120?
120
Calculate the highest common divisor of 460878 and 66.
66
Calculate the greatest common factor of 204 and 12984.
12
Calculate the greatest common divisor of 59 and 418133.
59
Calculate the greatest common factor of 4904 and 256.
8
What is the greatest common divisor of 7038 and 1700?
34
Calculate the greatest common factor of 1719 and 2070.
9
Calculate the greatest common divisor of 648676 and 56.
28
What is the greatest common factor of 168928 and 32?
32
Calculate the greatest common divisor of 2079 and 1881.
99
Calculate the highest common factor of 512 and 11208.
8
Calculate the greatest common divisor of 34237 and 2345.
469
What is the highest common divisor of 7568 and 95073?
473
Calculate the highest common divisor of 67171 and 13.
13
What is the highest common factor of 19279 and 663?
13
Calculate the highest common factor of 572370 and 120.
30
Calculate the highest common divisor of 8086 and 4706.
26
What is the highest common divisor of 1389 and 56023?
463
What is the highest common factor of 2964 and 50804?
52
What is the greatest common factor of 26880 and 770?
70
Calculate the greatest common factor of 16 and 1998.
2
What is the greatest common divisor of 133 and 6209371?
133
Calculate the highest common divisor of 546896 and 19.
19
What is the highest common divisor of 29842 and 6278?
86
Calculate the greatest common divisor of 85155 and 75.
15
What is the highest common divisor of 188 and 773479?
47
Calculate the greatest common factor of 20864 and 896.
128
What is the greatest common factor of 387189 and 36?
9
What is the highest common factor of 18 and 71469?
9
Calculate the highest common divisor of 14776 and 184.
8
What is the highest common factor of 299 and 86204?
23
What is the highest common factor of 26179 and 6127?
557
What is the greatest common divisor of 5570409 and 507?
507
Calculate the highest common divisor of 363 and 1035397.
121
Calculate the highest common divisor of 71 and 306223.
71
What is the greatest common divisor of 16225 and 238183?
649
Calculate the greatest common factor of 726 and 24662.
22
What is the highest common divisor of 9384 and 3450?
138
What is the highest common divisor of 225 and 1089?
9
Calculate the highest common factor of 241191 and 243.
27
What is the highest common divisor of 89262 and 288?
18
What is the highest common divisor of 24 and 1864482?
6
Calculate the greatest common divisor of 1368 and 261.
9
What is the highest common divisor of 36 and 60300?
36
What is the highest common factor of 153109 and 5797?
341
Calculate the highest common divisor of 8512 and 8274.
14
What is the highest common factor of 2462067 and 639?
639
What is the greatest common divisor of 618248 and 2616?
872
What is the greatest common factor of 4292 and 555?
37
Calculate the highest common factor of 689 and 8541.
13
What is the greatest common divisor of 35820 and 72?
36
Calculate the greatest common factor of 876 and 299008.
292
Calculate the greatest common divisor of 567 and 237411.
81
Calculate the greatest common factor of 4410565 and 19.
19
Calculate the greatest common divisor of 23565 and 30.
15
What is the highest common divisor of 62 and 6764696?
62
What is the highest common factor of 241108 and 6004?
316
Calculate the greatest common factor of 192867 and 53.
53
What is the highest common factor of 325 and 1079?
13
Calculate the highest common divisor of 459 and 43707.
51
What is the greatest common divisor of 72 and 726354?
18
Calculate the highest common factor of 833922 and 54.
54
Calculate the highest common factor of 115 and 5451.
23
What is the highest common factor of 171 and 4194?
9
Calculate the greatest common factor of 291621 and 9.
3
What is the greatest common divisor of 867685 and 140?
35
Calculate the highest common factor of 94820 and 2860.
220
What is the highest common divisor of 8 and 2182?
2
What is the greatest common divisor of 19 and 143830?
19
Calculate the highest common factor of 30048 and 2464.
32
What is the highest common divisor of 18471 and 5217?
141
What is the greatest common divisor of 2 and 102063?
1
Calculate the greatest common divisor of 4655 and 15029.
133
Calculate the greatest common factor of 212 and 141669.
53
Calculate the highest common factor of 141474 and 459.
51
Calculate the greatest common divisor of 1280 and 98432.
128
What is the highest common factor of 1308944 and 116?
116
What is the highest common factor of 45407 and 17?
17
Calculate the highest common divisor of 18309 and 8109.
51
What is the greatest common factor of 210 and 58450?
70
Calculate the highest common factor of 20032 and 832.
64
Calculate the greatest common divisor of 12554061 and 1119.
1119
Calculate the highest common divisor of 96 and 52032.
96
What is the highest common divisor of 360 and 4752?
72
Calculate the greatest common factor of 6 and 1919562.
6
Calculate the highest common factor of 11040 and 130.
10
Calculate the highest common divisor of 2835 and 23565.
15
Calculate the highest common divisor of 2024 and 2376.
88
Calculate the highest common factor of 113 and 884677.
113
What is the highest common divisor of 13505 and 5475?
365
What is the highest common factor of 13 and 5625789?
13
What is the highest common divisor of 25 and 1215?
5
What is the highest common divisor of 29 and 3957949?
29
Calculate the greatest common divisor of 133 and 17311.
7
Calculate the highest common divisor of 15 and 327885.
15
What is the greatest common factor of 3311 and 6391?
77
Calculate the greatest common factor of 652 and 14747588.
652
What is the greatest common factor of 27 and 8793?
9
Calculate the greatest common divisor of 180015 and 1485.
165
What is the highest common factor of 476 and 30158?
34
What is the highest common factor of 158885 and 43?
43
What is the highest common divisor of 144 and 14454?
18
Calculate the highest common divisor of 84 and 1358784.
84
Calculate the greatest common factor of 572 and 110968.
572
What is the greatest common divisor of 148014 and 54?
54
What is the highest common divisor of 1742 and 12324?
26
Calculate the highest common divisor of 344 and 200.
8
Calculate the highest common divisor of 172 and 7168272.
172
Calculate the highest common divisor of 41525 and 11825.
275
What is the highest common divisor of 13344 and 8730?
6
Calculate the highest common factor of 4661 and 9875.
79
Calculate the greatest common divisor of 8048 and 781159.
503
Calculate the greatest common factor of 3047 and 3784.
11
Calculate the greatest common divisor of 40 and 355400.
40
What is the highest common factor of 14 and 49070?
14
What is the highest common divisor of 470 and 4449490?
470
Calculate the greatest common divisor of 1404 and 234117.
351
What is the highest common factor of 9796 and 13764?
124
Calculate the highest common divisor of 1284 and 8900688.
1284
What is the greatest common factor of 7900 and 2054?
158
Calculate the greatest common divisor of 815517 and 333.
333
What is the highest common factor of 357218 and 2?
2
What is the greatest common factor of 13444 and 824?
4
Calculate the highest common factor of 1000 and 4075.
25
Calculate the highest common divisor of 106 and 118879.
53
What is the greatest common divisor of 33922 and 10262?
14
Calculate the greatest common factor of 1348 and 176.
4
What is the greatest common divisor of 3635 and 316972?
727
Calculate the highest common factor of 16366 and 26558.
98
What is the